rivative of 7*t**3/6 + t**2 + 3*t. Let w(j) = 3*h(j) + s(j). Determine w(1).
3
Let y be (-16)/7 + 9 + (-366)/42. Let w(x) = 2*x - 1. Determine w(y).
-5
Let z(y) = 2*y**2 + y. Let r = 62 - 61. Calculate z(r).
3
Let b(y) be the third derivative of y**4/12 - 7*y**3/6 + 18*y**2. Let g = -1 + 6. Suppose -g*w + 55 = -5*v, -5*w - 4*v + 1 + 9 = 0. Give b(w).
5
Let u(s) = s**3 - 4*s**2 + 2. Let h be u(4). Let z(x) = -2*x + 1. Let i be z(-4). Let k(w) = -w - i + 3 + h*w. What is k(4)?
-2
Let h(t) = t**2 + 10*t - 12. Let z be h(-12). Let u = z + -9. Let v(c) be the first derivative of c**4/4 - 5*c**3/3 + 2*c**2 + c - 2. What is v(u)?
-5
Let t(x) = -3*x + 1. Let o be 20*(3 + (-2 - 0)). Suppose -l - o = 3*l. Let d(a) = 2*a + 7. Let h be d(l). Give t(h).
10
Let o(r) be the third derivative of r**4/24 + r**2. Let l be (-112)/(-18) + 2/(-9). Let y be ((-3)/9)/1*l. Determine o(y).
-2
Let q(n) be the third derivative of n**8/6720 + n**7/360 + n**6/120 + n**5/60 + n**4/8 - 5*n**2. Let w(y) be the second derivative of q(y). What is w(-6)?
2
Let t(w) = 2*w**3 - 9*w**2 + 9*w + 3. Let g(a) = a**3 - 4*a**2 + 4*a + 1. Let q(r) = -7*g(r) + 3*t(r). Determine q(3).
-19
Let u(p) be the first derivative of 2*p**3 - 3*p - 1/4*p**4 - 3/2*p**2 - 2. Let o = -5 - -10. Calculate u(o).
7
Let o(k) = -k - 4. Let s be (-4)/2 - (2 - 0). Let i = -7 - s. Determine o(i).
-1
Let z(j) = j**2 + j + 5. Suppose -132*f + 129*f = 0. Calculate z(f).
5
Suppose 0 = -j - 5 + 3. Let c = j + 0. Let d(r) be the second derivative of r**4/6 + r**3/3 - r**2/2 - 20*r. What is d(c)?
3
Let f(t) = t**2 - 1. Let x(k) = 7*k**2 - 2*k - 4. Let o(l) = 4*f(l) - x(l). What is o(2)?
-8
Let c(h) be the first derivative of h**3/3 - h**2 + h - 3. Suppose j = -0 + 3. Determine c(j).
4
Let k(c) be the first derivative of -c**3/3 + 2*c**2 + 6*c + 2. Let b = -5 - -15. Let s = b + -5. Calculate k(s).
1
Suppose 6 = -0*o - o. Let n be 16/(-3) + 4/o. Let v(y) = 7*y**2 - 6*y + 2. Let q(z) = -6*z**2 + 6*z - 2. Let x(f) = n*q(f) - 5*v(f). Give x(4).
-6
Suppose 5*w + 0*w - 10 = 0. Let t(x) = -1 + w + x**2 - 2 - 4*x. What is t(5)?
4
Let z = -10 + 7. Let s = 0 - z. Let q(w) = 2*w**s - w**3 - 7 - 2*w**3. Give q(0).
-7
Let a = 20 + -8. Suppose y + 4*j = 26, 4*j + 8 + 26 = 5*y. Suppose 2*o = -5*d + 10, 3*d = 2*o + a + y. Let m(b) = b**3 - 3*b**2 - 4*b. What is m(d)?
0
Let v(m) = m - 6*m + 2*m + 2*m. Determine v(6).
-6
Let a(n) = -4*n + 2. Let m(x) = 8*x - 5. Let v(q) = 7*a(q) + 3*m(q). Suppose -5*h + 4 = -1. Give v(h).
-5
Let z(r) = -r**3 - 11*r**2 - r - 7. Let n be z(-11). Let d(u) = u + 4*u**2 - 2 - 3*u - 3*u**2. What is d(n)?
6
Let x(v) = v**3 - 2*v**2 + 4. Let i(k) = 3*k**3 - 7*k**2 - k + 13. Let t be 3*-8*1/3. Let g(s) = t*x(s) + 3*i(s). Let u = 17 - 12. What is g(u)?
-8
Suppose -4*t = -t + 3. Let v = t - -7. Let w(r) = 2 + r + 0 - v. Determine w(5).
1
Let h(y) = -7*y + 1. Let q(x) = -x**3 - 3*x**2 - 3*x. Let l be q(-2). Determine h(l).
-13
Let x(l) = -l**3 + 10*l**2 - l + 5. Let a be x(10). Let i(s) = s - 1 - 1 - 2 + 6. What is i(a)?
-3
Let a(y) = -y**2 - 4*y - 12. Let j(t) = -t**2. Let g(o) = -a(o) + 6*j(o). Let s(c) = -11*c**2 + 8*c + 25. Let r(w) = 9*g(w) - 4*s(w). Determine r(6).
-4
Let g(q) = -2 + q - 2 - 8*q - q**2 - 2. Suppose -2 - 3 = s. What is g(s)?
4
Let d(t) = 0*t**2 + 0*t**2 - t + 10*t**3. Let o = -42 + 28. Let q be 9/7 - (-4)/o. Calculate d(q).
9
Let n(d) be the second derivative of -d**3/2 + d**2/2 + 6*d. Suppose -8*u + 13*u - 5 = 0. What is n(u)?
-2
Let i(y) = 3*y - 9*y - 1 + y**2 + 3. Let u = -29 + 32. What is i(u)?
-7
Let j(y) = y - 3*y - y**2 - 4 - 9*y + 0*y**2. Let z be j(-10). Let b(i) = i**3 - 6*i**2 + 2. Calculate b(z).
2
Let c(w) be the first derivative of -1/2*w**2 + 2*w - 2. Suppose -m = -4*m + 15. Give c(m).
-3
Let l = -39 - -36. Let z(k) = -k**3 - 2*k**2 + 4*k. Calculate z(l).
-3
Let m be 12/(-15)*(-10)/4. Suppose 4*g - 21 - 223 = 0. Let p(f) = -g*f + 58*f + 2 - 1 + f**2 - f**3. Determine p(m).
-9
Let l be -3*((-4)/6 - -2). Let c be (l/(-6))/((-2)/(-3)). Let n(z) = -18*z + 1 + 12*z + z. Give n(c).
-4
Let z(i) be the second derivative of 1/12*i**4 + 1/6*i**3 - i - 3/2*i**2 + 0. Determine z(-3).
3
Let t(r) = -r**2 - 2*r + 7. Let q(f) = f**2 + f - 6. Let w(n) = -3*q(n) - 2*t(n). Suppose -3*h + 5 = -4. Give w(h).
-2
Let t(w) = w**3 - 6*w**2 - 8*w + 6. Let o be t(7). Let b be ((-10)/25)/(o/(-10)). Let c(f) = -f**3 - 3*f**2 + 5*f + 2. Give c(b).
-2
Let i(p) be the third derivative of -1/15*p**5 - p**3 + 1/12*p**4 - 2*p**2 + 1/120*p**6 + 0 + 0*p. Give i(4).
2
Let u be (4 - 3/((-9)/(-30)))/1. Let i(d) = d**2 - d + 6. Let h(a) be the second derivative of -a**3/6 + a. Let j(z) = u*h(z) - i(z). What is j(5)?
4
Suppose m - 2*m - 1 = 0. Let c(f) = -15*f. Calculate c(m).
15
Let z(q) = -2*q + 2*q + q - 3*q + 1. Let g = 16 - 8. Let x be (-2)/g + 9/4. Calculate z(x).
-3
Suppose -12 = -3*j + 6*j. Let i(s) = -s. Calculate i(j).
4
Let w(s) = 7*s - 1. Let p = 7 + -7. Suppose p = l - 1. Determine w(l).
6
Let p(q) = 7*q + 1. Suppose -4*r = 6 - 10. Calculate p(r).
8
Let q(i) = 4*i - i**3 + 20 + 13*i - 9*i**2 - 5 - 5*i. Give q(-10).
-5
Let x(t) = t**2 + 11*t + 2. Let l be x(-11). Let k(j) = 0*j - 3*j**l - 3*j - 2*j + 7*j + 1. What is k(2)?
-7
Let l(g) = -3*g**3 + 7*g**2 + 3. Let a(k) = 2*k**3 - 6*k**2 - k - 3. Let d = 4 - 7. Let q = 7 + d. Let h(b) = q*a(b) + 3*l(b). Give h(-3).
9
Let x(y) = 4*y - 3. Let w be x(2). Suppose -3 = 5*t - 13. Suppose g = t*g - w. Let j(z) = z - 5. Determine j(g).
0
Let s(c) = 8*c - 1. Let x(q) = -9*q. Let g(l) = l**2 - 10*l + 12. Let b be g(9). Let o(a) = b*s(a) + 2*x(a). Determine o(2).
9
Let b(f) = f. Let g(z) = -3*z + 4. Let n(d) = 4*b(d) + g(d). What is n(3)?
7
Let t be 1/(-3) + (-31)/(-3). Let q be -5*(18/t + -1). Let k(l) be the second derivative of -l**4/12 - l**3/2 + l**2 + 4*l. Give k(q).
-2
Let j = 123 - 120. Let q(b) = -b**3 + 6*b**2 - 2*b + 3. Determine q(j).
24
Let b(q) = 19 - 3 - 7 - 11 - q. What is b(2)?
-4
Let f be 1 + (2 - (2 - 3)). Suppose -5*d + 4*y + 3 = -4*d, 2*d - 6 = -f*y. Let a = d + 1. Let p(t) = t**2 - 4*t - 1. Give p(a).
-1
Suppose -2*s - 20 = j + 2*s, 0 = 5*s + 20. Let p(t) = -t**3 - 6*t**2 - 7*t - 6. Calculate p(j).
-10
Let j(s) be the second derivative of s**4/12 + 7*s**2 - 2*s - 11. Determine j(0).
14
Let c = -3 - -7. Let x(s) be the third derivative of s**3/6 + 2*s**2. Let h(g) = -g**2 + 4*g - 9. Let m(t) = -h(t) - 4*x(t). Determine m(c).
5
Let l(c) = c**2 + c - 18. Suppose 19*u = 13*u. What is l(u)?
-18
Suppose 4*f - 9 = -f + o, 5*f - 13 = 2*o. Let r = 25 - 16. Let q(i) = i + 0*i**3 - r*i**2 + 9*i**2 - i**3. What is q(f)?
0
Let l be 10/60 + (-41)/(-6). Let b(h) = h**2 - 7*h - 4. Determine b(l).
-4
Let d = -8 + 11. Let j(a) = -a - 4*a - 4 + 5 - d*a. Give j(-1).
9
Suppose -7*g - 6 + 13 = 0. Let h(r) = -12*r**2 - 2*r + 1. Calculate h(g).
-13
Suppose -3*f = -f - 4. Suppose f*l - 7 = -1. Let j(g) = -6*g. Let q(a) = 5*a - 1. Let m(t) = 2*j(t) + 3*q(t). Give m(l).
6
Let g = -8 - -2. Let c(p) = -3*p**3 - 8*p**2 - 2*p - 5. Let a(i) = -i**3 - i**2. Let x(u) = 2*a(u) - c(u). Calculate x(g).
-7
Let b(t) = t**2. Let g(f) = -2*f**2 + 4*f. Let s(j) = -4*b(j) - g(j). Suppose -27*o = -0*o + 81. Give s(o).
-6
Let v(y) = -1 - 5*y + 2 + 1 + y**2 - 1. Let s(u) = u + 1. Let x be s(3). What is v(x)?
-3
Suppose 3*h + 11 = 5*h + u, -h + 4*u + 19 = 0. Let n(c) = -c**3 + 7*c**2 + c - 8. What is n(h)?
-1
Suppose 3*g - 11 = 4*g. Let y = -6 - g. Let c(j) = j + 2. What is c(y)?
7
Let w(l) = -2*l + 2. Let i(m) = -2*m - 3. Let a be i(-4). Give w(a).
-8
Let f = 23 + -20. Let j(x) = x**3 - 5*x**2 + 3*x - 1. Calculate j(f).
-10
Let v = 8 - 6. Let k(p) = 9*p + p**2 - 8*p + 2*p**v. Calculate k(-1).
2
Let g(i) be the first derivative of i**2 + 2*i - 3 - 2*i**2 - 3*i. Calculate g(-2).
3
Let f(q) = q**3 - 4*q**2 + 2*q + 2. Suppose 0 = 2*i + 2*h + 4, -3*h = -4*h - 2. Suppose i = -k + 1 + 1. Determine f(k).
-2
Let q = 1 + 1. Suppose -q = m - 0*m. Let c(w) = -w**3 - 4*w**2 + 1. What is c(m)?
-7
Let x(p) = 5*p**3 - p**2 + p + 1. Let s be x(-1). Let h(b) be the third derivative of 0 + 0*b - 1/60*b**5 - 1/6*b**4 - b**2 + b**3. Determine h(s).
-6
Let n(t) be the first derivative of 3 + 1/3*t**3 - 2*t**2 + t. What is n(4)?
1
Let a(b) = -67*b**3 + 0*b + 10*b**2 + 66*b**3 - 12 + b. Calculate a(10).
-2
Let a(z)